 c - 555. Calculate the remainder when c is divided by 39.
31
Let g(s) = 17*s**2 - 31*s**2 + 11*s**2 - s**3 - 3*s - 2. Calculate the remainder when 102 is divided by g(-4).
24
Let q(o) = 8*o - 79. Calculate the remainder when 144 is divided by q(14).
12
Let w be 1 - -1 - (-984 + (1 - 0)). Suppose -c = -6*c + w. Calculate the remainder when c is divided by 50.
47
Calculate the remainder when 32 is divided by (-84)/24 - -11 - (-6)/(-4).
2
Let d be 1/(-2) + 10324/8. Suppose -2*a = -3*a, 0 = 5*s - 3*a + d. What is the remainder when s/(-9) - (-3)/9 is divided by 5?
4
Let s(k) = -k**3 - 4*k**2 + 7*k + 13. Calculate the remainder when s(-6) is divided by 26.
17
Let o(x) = 11*x**2 + x - 2. Let z be o(1). Let b = 3 + z. What is the remainder when 36 is divided by b?
10
Let h(y) = 16*y - 5. Let s(l) = 4*l**2 - 2*l - 2. Calculate the remainder when h(2) is divided by s(2).
7
Let g(d) = -45*d - d**2 + 15*d + 13 + 16*d. Suppose -4*w - 24 = -7*w. Calculate the remainder when g(-14) is divided by w.
5
Suppose 87*l - 77*l - 5730 = 0. Calculate the remainder when l is divided by 9.
6
Suppose -4*j - 49 = 4*w - 197, 4*j - 2*w - 178 = 0. What is the remainder when j is divided by 2*2/((-1)/29*-4)?
13
Suppose 0 = 2*z - 0*z - 60. Let k = -98 + 156. Suppose 5*o - 3*m - 43 = m, -5*o - m = -k. What is the remainder when z is divided by o?
8
Let t be 40/(-60) + ((-574)/(-6))/1. What is the remainder when -3 + t + -4 + 2 is divided by 46?
44
Let p(f) = 2*f**2 - 47*f - 95. What is the remainder when 169 is divided by p(26)?
29
Let l = 37 - 27. Suppose 72 - 22 = l*b. Calculate the remainder when b is divided by 2.
1
Suppose 0*z - 56 = -z - x, -8 = -4*x. Suppose 0 = 3*c + 2*c - 95. What is the remainder when z is divided by c?
16
Let g(n) = n**2 - 6*n. Let k(c) = 2*c + 18. Let f be k(-9). Let j(b) = b**3 + 2*b + 19. Calculate the remainder when j(f) is divided by g(7).
5
Let q(c) = -2*c**2 + 24*c + 31. Let s(p) be the third derivative of p**4/8 - p**3/3 - 2*p**2. Calculate the remainder when q(13) is divided by s(1).
0
Suppose 0 = 5*k + 21*f - 22*f - 36, 5*f = -3*k + 44. Calculate the remainder when 53 is divided by k.
5
Let n(r) = -r**2 - 10*r - 7. Suppose 9*d - 36 = 15*d. Calculate the remainder when 100 is divided by n(d).
15
Let w(g) = -12*g + 426. Calculate the remainder when 89 is divided by w(33).
29
Let x(h) = h**3 + h**2 - 18*h - 30. What is the remainder when x(6) is divided by 23?
22
Let k be 138/4 - 2/(-4). Suppose -3*l - 7 = -r, 3*l - k = -2*r - 3. Calculate the remainder when 24 is divided by r.
11
Suppose -12 = -7*x + 5*x. Let r = 11 - x. Suppose -5*u + 78 = 4*b, 0*u + 33 = u - r*b. What is the remainder when u is divided by 10?
8
Let p(f) = f**3 + 8*f**2 - 3*f + 2. What is the remainder when 620 is divided by p(-8)?
22
Suppose -4*q + 10 = 10. Suppose -d = -3 + 8. What is the remainder when 1*-6*d - q is divided by 8?
6
Calculate the remainder when 8*1 + (-1620)/(-10) is divided by 59.
52
Suppose 2*m = 3*m - 4*j + 3, -5*m - 15 = -j. Let p be (-12)/9*m/(-2). Let y = 33 + p. Calculate the remainder when y is divided by 11.
9
Let b = 363 + -140. Calculate the remainder when b is divided by 32.
31
Let f(c) = c**2 - c - 9. Let p be f(8). Suppose -3*h + p = 2*k, -32 = 3*h - 5*h - k. What is the remainder when 190/4 + (-1)/(-2) is divided by h?
14
Let c(t) = -t**2 - 8*t + 4. Let a be c(-8). What is the remainder when 105 is divided by 48/a - (-4 + 7)?
6
Let m(x) = -x**3 - 6*x**2 + 16*x + 71. What is the remainder when m(-9) is divided by 35?
30
Let b(x) = 3*x**3 - x - 2. Let k be b(-3). Let m = k + 179. What is the remainder when m is divided by 34?
31
Let j(y) = 12*y - 1. Let a be j(1). Let i = -6 + a. Calculate the remainder when 7 is divided by (i + -4)*(-3)/(-1).
1
Let k(d) = -9*d - 1. Suppose -5*o = -2*u, -4*o - o - u = 0. Suppose -2*y + o*a = a + 1, 0 = -2*y - 2*a. What is the remainder when 21 is divided by k(y)?
5
Let u = 790 - 779. Calculate the remainder when u is divided by (0 - 4)/(-2 - 0).
1
Let q(a) = 59*a**2 - 1. Let p = 125 - 126. Calculate the remainder when q(p) is divided by 18.
4
Let i(q) = 280*q**3 + 4*q**2 - 3*q - 2. What is the remainder when i(1) is divided by 58?
47
Suppose -3*k + 40 = k. Suppose o - 43 = 4*r, 5*o - 181 = -2*r - k. What is the remainder when 209 is divided by o?
34
Let m = 1519 + -1512. Let y(h) = -1 + 4 + 0 + h. What is the remainder when 39 is divided by y(m)?
9
Let c = -638 - -647. Calculate the remainder when 20 is divided by c.
2
Suppose -4*s + 2*t + 214 = 0, 3*s + 4*t - 156 = 7*t. Calculate the remainder when s is divided by 8.
7
Let w(p) = 24*p**2 + 10*p + 9. What is the remainder when w(5) is divided by 84?
71
Let q = -11 - 1. Let k = -28497 + 28525. What is the remainder when k is divided by -1 + (0 - (1 + q))?
8
Suppose 68 = 2*b + 3*v, 3*b - 175 = -2*b - 5*v. What is the remainder when b is divided by 29?
8
Let q = -13 - -13. Suppose i + 4*i - 613 = -4*g, q = -5*i - g + 622. Suppose -5*p + 1 = -159. Calculate the remainder when i is divided by p.
29
Let g = 11 + -11. Let j(d) = -d + 15. What is the remainder when j(g) is divided by (24/(-9))/(2/(-6))?
7
Suppose 233*n = 218*n + 45. Calculate the remainder when 398 is divided by n.
2
Let a = 23 - 20. Suppose -3*r + 68 = t, -67 = r - a*r - 5*t. What is the remainder when 53 is divided by r?
11
Suppose -4*i = -161 + 25. Calculate the remainder when i is divided by 5.
4
Let k be -9 + 1 - (-5)/1. Calculate the remainder when -11*4/3*k is divided by 24.
20
Let y = 12 + -2. Calculate the remainder when 64883/1085 - 14/5 is divided by y.
7
Let t be (-2)/11 + (-300)/44 + 2. Let d(v) = -2*v**2 - 10*v + 2. What is the remainder when 14 is divided by d(t)?
0
Let a = -51 - -46. Calculate the remainder when a/((-15)/6) + 19 + -8 is divided by ((-4)/(-6))/((-2)/(-21)).
6
Suppose -5*j = 3*g, g - 4*j = -3*g. Suppose -2*m + 5*c = -23, g = -3*m - 2*c + c + 9. What is the remainder when 4 is divided by m?
0
Let m = -20 + 20. Suppose m = 5*b - 8 - 7. Let u(p) = 10*p**2 - 4*p + 4. What is the remainder when u(b) is divided by 21?
19
Let t(s) = 78*s + 1790. What is the remainder when t(0) is divided by 9?
8
Calculate the remainder when (-28)/(-140) + 3268/10 is divided by 22.
19
Calculate the remainder when 558 is divided by (-954)/(-530)*380/6.
102
Let w(k) = 14 + 2*k**2 - 11 + 2*k**2 - 2*k. Calculate the remainder when 96 is divided by w(3).
30
Suppose 32*n - 544 = -0*n. What is the remainder when 48 is divided by n?
14
Let f(x) = -x**3 + 37*x**2 + 41*x + 15. Calculate the remainder when f(38) is divided by 19.
15
Suppose 297*w + 70 = 304*w. What is the remainder when (-3)/(-6)*176/1 is divided by w?
8
Let x(m) = -133*m - 111. Calculate the remainder when x(-4) is divided by 17.
13
Let u(k) = 8*k**2 - k - 51. Calculate the remainder when u(-6) is divided by 36.
27
Let m = 168 + 72. What is the remainder when m is divided by 41?
35
Let f = 208 - 49. Let v = 2857 - 2824. Calculate the remainder when f is divided by v.
27
Suppose 0 = 3*b + 5*k - 97, 6*b = 3*b - 4*k + 98. Let o = -3 - -6. Suppose w + b = o*w. What is the remainder when 48 is divided by w?
14
Suppose -k + 3 = -0. Calculate the remainder when k is divided by (6/21)/(2/14).
1
Suppose 2*q = 6*q - 112. Calculate the remainder when 65 is divided by q.
9
Suppose -o + 768 = 15*o. Calculate the remainder when 137 is divided by o.
41
Let v(q) = q - 4. Let r be v(5). What is the remainder when (-513)/(-12) + r/4 is divided by 9?
7
Let k(g) = -5*g + 4*g**3 - 3*g**3 + 8 - 5 + 4. What is the remainder when 10 is divided by k(2)?
0
Suppose 3*k = -4*k + 56. What is the remainder when 16 is divided by k?
0
What is the remainder when 4734/15 - (-20)/50 is divided by 32?
28
Suppose -40 = -4*x - 3*r - 0*r, -4*x + r = -56. Let g = -2 + x. What is the remainder when 27 is divided by g?
5
Let b = -122 + 128. Calculate the remainder when 15 is divided by 1 - ((-28)/8 + b/4).
0
Suppose 3*j - 3*a - 12 = 6, j - 12 = -2*a. Calculate the remainder when 119 is divided by j.
7
Suppose -2*b - 3*b = -100. Suppose 0*y = -2*y + b. Let o = -666 + 704. Calculate the remainder when o is divided by y.
8
Let j(h) = -3*h - 8*h + 6 - 5 - 7. What is the remainder when j(-7) is divided by 18?
17
Suppose 5*c - 2*l - 93 = 0, 7*c - 2*c - 81 = -l. What is the rema